07*b + 7810*b. Let h(y) = -y - 32. Give h(b).
-27
Let x = -7021 + 7017. Let j(s) = -s**3 - 4*s**2 - s - 12. Determine j(x).
-8
Let v(w) = -4*w**2 + 3*w + 2. Let c = 11 - 6. Let u be c + -3 + -4 + 4. Let j be v(u). Let t(a) = a + 5. Calculate t(j).
-3
Let c(x) = -x**3 - 10*x**2 - 12*x + 53. Let a = 13335 - 13342. What is c(a)?
-10
Let j(n) = n**3 - 2*n**2 - 5*n. Let w(g) = -g**3 + 2*g**2 + 4*g. Let r(h) = -2*j(h) - 3*w(h). Suppose 2*q + 2 = 4*q + 4*k, 3*q = 2*k + 11. What is r(q)?
3
Let n(c) = 2*c - 83. Let u be n(42). Let v(m) be the first derivative of -10*m**2 - m - 3. Give v(u).
-21
Let j be (20 - (-1862)/(-95))*10/4. Let m(d) = 9*d - 21. Give m(j).
-12
Let o = 13 - -10. Suppose -v + o = -12. Suppose -v = -4*l + 5*k, 5*k - 2*k = -3*l + 6. Let i(r) = r - 8. Give i(l).
-3
Let a(s) be the second derivative of s**4/12 + 17*s**3/6 - 8*s**2 + 2670*s. What is a(-18)?
2
Let t(p) be the second derivative of -p**5/20 - 2*p**4/3 - 5*p**3/6 - 9*p**2/2 - 914*p. Calculate t(-8).
31
Suppose -1491*s + 5*m + 33 = -1495*s, 5*s + 3*m + 12 = 0. Let n(x) = 8*x**2 - 27*x + 10. Calculate n(s).
1
Let h(u) be the first derivative of u**3/3 - 10*u**2 - 2*u + 974. Determine h(19).
-21
Let u(p) = p**2 - 8*p + 6. Let w be u(8). Let t(f) be the third derivative of 0 + 5/24*f**4 - 1/60*f**5 + 102*f**2 + 0*f**3 + 0*f. Give t(w).
-6
Let c = -958 - -964. Let t(s) = -3*s**2 - s - 10. Let r(y) = 8*y**2 + 4*y + 29. Let z(i) = -4*r(i) - 11*t(i). Determine z(c).
0
Let d(p) be the second derivative of -p**5/10 - p**4/12 + p**3 - 3*p**2 - 1919*p. Determine d(1).
-3
Let x(w) = -9142 + 18323 - 4*w + 58*w**2 - 9154 + 2*w**3 + 5*w. What is x(-29)?
-2
Let w(f) = -f**2 + 40*f + 178. Let h be w(44). Let n(b) = -27*b**2 - 3*b + 43*b**2 - 17*b**h. Calculate n(-4).
-4
Let o(c) = 6*c + 4. Let b(y) = 25*y + 39. Let n(z) = -b(z) + 6*o(z). Determine n(4).
29
Let a(m) be the first derivative of m**2/2 - 2*m - 1770. Calculate a(-9).
-11
Suppose -z + 3 = 2*z. Let i(a) = 178*a - 362*a + 0 + 1 + 185*a. Give i(z).
2
Let c = -357 + 366. Suppose 0 = -c*z + 8 - 62. Let q(u) = -2*u**2 - 4*u + 4. Determine q(z).
-44
Let o(i) = i**3 - 5*i**2 + 4*i + 7. Let h(x) = -x**3 - 10*x**2 + 2*x + 104. Let p(g) = 24*g + 111. Let w be p(-5). Let b be h(w). Calculate o(b).
27
Let w(o) = 2*o**2 - 3. Let y(n) = -n**2 + 1. Let l(b) = -3*w(b) - 5*y(b). Suppose -95*g + 90*g + 30 = -5*f, 5*g = 2*f + 27. What is l(g)?
-21
Let c be ((-2)/4 - -1)/((-1)/120). Let n be 14/(-105) + 274*(-2)/c. Let x be (n/5*1)/((-12)/(-40)). Let b(y) = -y**2 + 5*y + 6. Give b(x).
0
Let c(a) be the first derivative of 1/10*a**5 - 1/6*a**3 + 12 + 0*a**4 - 10*a + 1/2*a**2. Let g(q) be the first derivative of c(q). Give g(-2).
-13
Let l(t) = 433*t - 489. Let c(m) = -374*m + 486. Let h(f) = -6*c(f) - 5*l(f). What is h(6)?
3
Let l(w) be the first derivative of w**3 - 10*w**2 - 16*w + 317. Let q(x) = 4*x**2 - 29*x - 23. Let b(i) = -7*l(i) + 5*q(i). What is b(-8)?
-27
Let q = -29 + 176. Let m be (3/(-7))/(14/q)*-2. Let f(i) = -i**3 + 9*i**2 + i - 4. Give f(m).
5
Let x(h) be the first derivative of -h**2 + 5*h + 14. Suppose -5*m = 15 - 0. Let p be 0/(-2) - (-2 - (-9)/m). Calculate x(p).
-5
Let w(m) = 126*m**3 + 97*m**2 - 251*m**3 + 6*m + 11 - 95*m**2 + 124*m**3. Calculate w(6).
-97
Suppose -142*w = 139*w - 290*w + 81. Let v(j) = -4*j**2 + 40*j - 30. What is v(w)?
6
Let y(j) = 73 - 13*j - 70 + 9*j**2 - 6*j - j**3. Let u be y(6). Let i(q) be the first derivative of q**2/2 + 3*q + 2. Give i(u).
0
Let j = 11 + -2. Let d(c) = -24 + 0*c + c - 2*c + 23. Let g(z) = 5*z + 5. Let v(q) = -6*d(q) - g(q). Give v(j).
10
Suppose 56 + 124 = -9*w. Let o = 22 + w. Let l(y) = 3*y**2 - 4*y**o - y**3 + 36*y - 9 - 35*y. Calculate l(0).
-9
Let m(f) = f + 4. Let x be (-8 - -8) + (-1 - 8/2). Let h(c) = 4*c + 20. Let w be h(x). Determine m(w).
4
Let o(l) = -3*l**2 + 3*l - 1. Suppose -2*k + 5 = -3*h, 0 = -4*k - h + 45 - 14. Let v = -79 - -80. Suppose 5 = 5*b - 2*r - k, -3*b + v = 5*r. Give o(b).
-7
Let o(r) = r**2 - 22*r - 64. Let t be o(25). Suppose 0 = 7*c - t*c + 4. Let l(v) = 2 - 15*v - 3*v - 1. Calculate l(c).
-17
Let h(z) = z**3 + 11*z**2 + 27*z - 9. Let g(t) = -t**2 - 78*t + 321. Let y be g(4). Give h(y).
-2
Let v(r) be the second derivative of -3*r**2 - 1/3*r**4 + 0 + 33*r + 1/20*r**5 - 1/2*r**3. Suppose -13 = -5*d + 3*b, 5*d - 8*b = -4*b + 9. Calculate v(d).
4
Suppose 123*j = 49*j + 74. Let z(h) = 15*h**2 - 3*h + 2. Determine z(j).
14
Let p be 2/(-11 - 616/(-55)) - 10. Let a(y) = y**2 - 107. Determine a(p).
-107
Suppose -26*q = -4*q - 66. Let d(i) = -7*i + i + 6*i - 2 + 3 - q*i. Calculate d(-5).
16
Let b(y) = 16*y**2 - 7*y - 183. Let f(v) = 2*v**2 - 2*v - 23. Let o(d) = -2*b(d) + 17*f(d). Give o(11).
-3
Let n(k) be the second derivative of k**3/3 - k**2/2 - 1006*k. What is n(1)?
1
Let p(u) be the first derivative of -5*u + 34*u**2 - 7 - 64*u**2 + 29*u**2. Determine p(-13).
21
Suppose -5*a + 260 + 175 = 0. Let p(u) = -2*u - 84 + a - u. Give p(-3).
12
Let m = 42 + -30. Suppose 0 = -4*f - 5*q + 13, -f - 3*q = 2*f - m. Let o(i) = i**2 - 8*i + 3. Calculate o(f).
-4
Suppose 102 + 79 = 30*j + 241. Let b(z) = -5*z**3 - 3*z**2 + 5*z + 10. Give b(j).
28
Let a(d) = -14*d - 19001 - 19001 + 3*d**2 + 37997. Determine a(6).
19
Let f(z) = -2*z - 1. Suppose -4*g + 12 = -0. Let y be -1 - -2 - g*(-4)/12. Suppose 1 = 3*k - y. Determine f(k).
-3
Let t(y) = 39*y**3 + 5*y**2 + 7*y + 28. Let s(r) = -11*r**3 - 2*r - 9. Let h(j) = -7*s(j) - 2*t(j). Calculate h(-10).
7
Let j(c) = -4*c**2 - 1 + 0*c - 33*c**3 - c - 3*c + 34*c**3. Let z be ((-27)/6)/(-3)*(-38)/(-1). Let i = z + -52. Determine j(i).
4
Let h(j) = j**2 - 5*j + 1. Let g = 75 + -30. Let y = 53 - g. Suppose -y*l + 11 = -29. Calculate h(l).
1
Let f(q) = q**3 + 5*q**2 + 2*q + 56. Let x be f(-6). Suppose 0 = -0*s - 5*s + 5. Let k(i) = 7 + 3*i + s - 4*i. Calculate k(x).
0
Let s(k) = -18 - 40*k + 13*k**2 + 37*k + k**2. Let n(b) = 5*b**2 - b - 6. Let y(h) = -11*n(h) + 4*s(h). Give y(0).
-6
Let m(y) = -21*y**3 - 8*y**2 + 8*y - 27. Let z(k) = -23*k**3 - 8*k**2 + 9*k - 28. Let n(d) = -11*m(d) + 10*z(d). Calculate n(-8).
1
Let s(f) = f**2 - 56*f + 450. Suppose 24*l - 68*l = -13*l - 1426. Calculate s(l).
-10
Let j(u) be the third derivative of -7*u**4/12 + 331*u**3/6 - 4444*u**2. Calculate j(24).
-5
Let f = -23 - -28. Suppose 5*w - 3*w = m + 4, 3*m = 3*w - 6. Let p(b) = 2*b**3 + w*b - 5*b**2 - 7 - b**3 - 3*b**3 + 3*b**3. What is p(f)?
3
Let l(m) = -45 + 23*m + 5 - 36*m - 125. Let p be l(-13). Let w(c) be the first derivative of c**4/4 - 5*c**3/3 + 5*c**2/2 - 4*c - 2. Give w(p).
0
Let d(j) = -7*j + 3*j**3 + 9 - 4*j**2 + j**2 + 10*j**2 - 4*j**3. Suppose 5*n - 5*g = 4*n + 6, -2*g - 6 = -n. Determine d(n).
3
Let r(x) be the third derivative of -x**6/120 + x**5/12 + x**4/24 - 7*x**3/6 - 2*x**2 + 212. Let a(w) = -4*w - 3. Let l be a(-2). What is r(l)?
-2
Let q(j) = -j - 33. Let d be (9576/(-1824))/((-1)/(-4)). Determine q(d).
-12
Let a(k) = -12 + 3205*k - 6313*k - 3*k**2 + 3095*k. Calculate a(-2).
2
Let s(l) = l**3 - l**2 - l. Let n(m) = 5*m**3 + 2*m**2 - 10*m + 4. Let d = -92 + 62. Let z be (1/3)/(10/d). Let k(t) = z*n(t) + 4*s(t). Give k(-7).
3
Let t(h) = -47 - 62 - 39 + 59*h - 34*h - 30*h. Determine t(-32).
12
Let c(a) = -a - 10. Let o be c(-12). Let t(b) = -5*b**2 - 4*b - 8 + 6*b**o + 6*b + 4*b. Give t(-6).
-8
Let u(o) = 6*o - 24. Let z(r) = -4*r + 23. Let v(q) = -4*u(q) - 5*z(q). Let m be v(-3). Let b(s) = s**3 + 8*s**2 + 6*s + 2. What is b(m)?
9
Let a be 4*(-10)/2*(-2)/(-8). Let q be -2 + (2 - a) + -5 + 7. Let v(s) = -s**3 + 9*s**2 - 13*s - 5. Let j be v(q). Let w(z) = -5*z**2 - z + 2. Determine w(j).
-20
Let u(v) be the third derivative of -v**4/24 - 11*v**3/6 - 705*v**2 - v. Determine u(-14).
3
Let n(g) = -g**2 + 3*g + 6. Let m = -72 - 0. Let r = m + 74. Suppose -33 = -4*u + 3*l, 0 = -4*u + r*l + 32 - 2. What is n(u)?
-12
Let o(a) be the third derivative of a**5/60 - 17*a**4/24 + 8*a**3/3 - 1925*a**2. Give o(11).
-50
Let i(z) = z**3 + 5*z**2 + 9*z + 7. Let w be i(-3). Let j(b) = -12*b + 4 + 2 + 5*b - 4. Determine j(w).
16
Suppose -3*i - 3*y = 15, 0*i - 5*y = 2*i + 22. Let v = -423 + 421. Let c be (8/(-6))/i*(-6)/v. Let a(s) = -s**3 + 3*s**2 - s - 2. Give a(c).
-22
Let p(j) = -50980*j - 5 - 4 - j**3 - 8*j**2 + 50973*j - 5. Determine p(-7).
-14
Sup